0).
-5
Let n(t) = t**3 + 70*t**2 - 226*t - 220. Give n(-73).
291
Let g(a) = 2*a**2 + 142*a - 12728. What is g(52)?
64
Let c(j) = 2231*j + 323. Calculate c(0).
323
Let w(n) = -95*n + 1035. Determine w(9).
180
Let p(k) = 65876*k + 592872. Give p(-9).
-12
Let x(c) = -c**3 + 236*c**2 + 29*c - 6912. Determine x(236).
-68
Let a(s) = -8*s**2 + 5448*s + 27257. Determine a(-5).
-183
Let z(d) = -1193*d - 18189. Determine z(-14).
-1487
Let b(l) = 230*l - 11944. Determine b(54).
476
Let c(k) = 2*k**3 - 83*k**2 + 688*k - 1124. Give c(31).
23
Let k(s) = -s**3 + 219*s**2 - 9480*s + 6402. What is k(160)?
2
Let p(u) = 125*u**2 - 7628*u + 180. Give p(61).
-3
Let g(o) = 2*o**2 - 258*o + 2165. Determine g(9).
5
Let t(b) = -164794*b + 4614231. Give t(28).
-1
Let g(t) = -27*t**3 + 30*t + 62. Calculate g(-3).
701
Let q(t) = -3*t**3 - 13*t**2 - 21*t - 62. Give q(-6).
244
Let y(g) = 21505*g + 666734. Determine y(-31).
79
Let m(j) = -299*j**2 + 51131*j - 420. Determine m(171).
-78
Let q(f) = f**3 + 2*f**2 - 567*f - 568. Determine q(-1).
0
Let y(f) = f**3 + 96*f**2 - 175*f + 1852. What is y(-98)?
-206
Let f(v) = -v**3 + 9*v**2 + 121*v + 480. Determine f(-4).
204
Let q(o) = -723*o - 234244. Calculate q(-324).
8
Let i(v) = -62501*v - 25250411. Calculate i(-404).
-7
Let s(w) = 360*w**2 + 729*w + 19. What is s(-2)?
1
Let y(b) = 242*b + 16680. Determine y(-68).
224
Let g(u) = -941*u + 230564. Give g(245).
19
Let q(b) = -421*b - 1757. Calculate q(-7).
1190
Let w(a) = a**3 - 236*a**2 - 251*a + 3619. What is w(237)?
301
Let j(h) = -79*h**2 - 2956*h + 4870. Calculate j(-39).
-5
Let x(m) = -21*m**3 + 665*m**2 + 673*m - 7. Give x(-1).
6
Let f(x) = -11*x**2 - 81*x + 8. Determine f(8).
-1344
Let i(o) = -o**3 - 22*o**2 + 135*o + 178. What is i(-28)?
1102
Let g(m) = m**3 - 176*m**2 - 14*m + 2618. Calculate g(176).
154
Let p(l) = 5*l**3 - 27*l**2 + 17*l - 14. Determine p(6).
196
Let a(j) = 339*j - 87123. Calculate a(256).
-339
Let z(b) = b**3 - 158*b**2 + 1204*b - 576. Give z(150).
24
Let s(j) = 1271*j + 3706. What is s(-3)?
-107
Let o(v) = 2*v**3 + 20*v**2 + 16*v + 770. Calculate o(-12).
2
Let m(z) = 4*z**2 + 68*z + 356. Determine m(-6).
92
Let f(i) = 678235*i + 2712952. What is f(-4)?
12
Let t(b) = 15352*b - 15300. Calculate t(1).
52
Let l(h) = -9*h**3 + 81*h**2 - 2*h + 7. What is l(9)?
-11
Let d(z) = -2*z**2 - 844*z + 28981. What is d(32)?
-75
Let q(p) = 1411*p + 68728. Calculate q(-48).
1000
Let k(m) = -35*m**2 - 567*m - 91. Give k(-16).
21
Let s(g) = g**3 - 16*g**2 + 18*g - 484. What is s(17)?
111
Let h(o) = -4*o**3 + 27*o**2 - 530*o + 3737. Calculate h(7).
-22
Let b(y) = -8*y**3 + 166*y - 340. Give b(2).
-72
Let f(l) = -3*l**3 - 1468*l**2 - 176451*l - 543. What is f(-277)?
11
Let b(i) = -1937*i - 269232. Give b(-139).
11
Let j(b) = -29*b**2 - 91*b + 541. What is j(5)?
-639
Let l(r) = 1398*r - 411007. Calculate l(294).
5
Let f(m) = 1347573*m - 14823309. Give f(11).
-6
Let q(i) = -i**3 + 170*i**2 + 483*i - 82103. Determine q(170).
7
Let f(c) = 60610*c - 727425. Determine f(12).
-105
Let y(f) = -4*f**2 - 293*f - 1209. Calculate y(-67).
466
Let o(y) = -168*y**2 + 8716*y - 7561. Determine o(51).
-13
Let u(z) = -z**3 - 321*z**2 - 23104*z + 435. Calculate u(-109).
-1
Let g(x) = -11*x**3 - 1815*x**2 + 85*x + 14029. What is g(-165)?
4
Let a(v) = 16*v**2 - 165*v + 437. Give a(5).
12
Let v(p) = -1081*p**2 - 90684*p + 10084. Give v(-84).
4
Let t(s) = 3801*s + 2630287. What is t(-692)?
-5
Let o(k) = -751981*k - 3759916. Determine o(-5).
-11
Let u(d) = d**3 + 45*d**2 - 163*d - 1466. Calculate u(-48).
-554
Let x(u) = -u**2 - 6307*u - 62970. What is x(-10)?
0
Let a(s) = -39188*s + 156795. Give a(4).
43
Let a(b) = b**3 + 4637*b**2 + 50859*b - 309. Determine a(-11).
-12
Let p(y) = -174*y**2 + 6*y + 1800. What is p(0)?
1800
Let h(p) = -21*p**2 + 625*p + 22746. Give h(51).
0
Let j(y) = 2*y**3 + 1965*y**2 + 41364*y + 39411. Give j(-961).
10
Let s(c) = 28*c**3 + 2026*c**2 + 727*c + 477. Give s(-72).
-27
Let p(v) = 3*v**2 - 725*v - 22654. Determine p(-28).
-2
Let s(n) = -643*n**2 - 1850*n + 147. What is s(-3)?
-90
Let b(u) = u**3 - 111*u**2 - 717*u - 687. Calculate b(-5).
-2
Let z(q) = 2944*q + 36029. Calculate z(-12).
701
Let v(p) = p**3 + 20*p**2 - 386*p + 7. Calculate v(12).
-17
Let s(d) = -2*d**3 - 13*d**2 - 27*d + 36. Give s(-3).
54
Let z(q) = -q**2 + 9406*q + 216857. Give z(-23).
-10
Let m(j) = 104*j - 19032. Determine m(182).
-104
Let p(t) = -2*t**2 + 118*t - 2042. What is p(37)?
-414
Let w(s) = -2*s**2 + 585*s + 280848. What is w(-256)?
16
Let m(l) = 24*l**2 - 2901*l - 93. What is m(121)?
270
Let l(y) = -y**2 - 507*y - 11210. Calculate l(-484).
-78
Let t(y) = -156*y**2 - 21*y + 53. Give t(3).
-1414
Let v(x) = 7973*x - 3394. What is v(0)?
-3394
Let f(r) = 18*r**3 - 3*r**2 + 114*r - 456. Calculate f(5).
2289
Let m(i) = -3030*i - 8926. Determine m(-3).
164
Let x(t) = 2*t**3 - 3*t**2 - 204*t - 572. Give x(12).
4
Let s(l) = 5*l**3 + 993*l**2 - 2998*l + 21. Determine s(3).
99
Let n(z) = 196*z**2 - 11273*z - 88510. What is n(-7)?
5
Let t(i) = 58*i + 708. Calculate t(-16).
-220
Let k(h) = 133*h**2 - 278*h - 58758. Calculate k(-20).
2
Let s(g) = g**3 - 1080*g**2 + 89*g + 57. Determine s(0).
57
Let j(f) = 213*f + 37626. Give j(-173).
777
Let y(z) = 105650*z - 528270. Determine y(5).
-20
Let b(v) = v**2 - 369*v - 146151. What is b(609)?
9
Let z(q) = -6*q**2 - 1392*q + 84607. Determine z(-282).
7
Let y(q) = 2931*q - 54315. Give y(18).
-1557
Let j(o) = 393*o + 951. What is j(-2)?
165
Let f(c) = -17*c**2 - 1861*c - 16565. Give f(-9).
-1193
Let i(a) = 684885*a - 2739550. What is i(4)?
-10
Let x(b) = b**3 + 128*b**2 - 135*b - 828. Determine x(-129).
-54
Let b(j) = -83*j**2 + 316*j + 2080. Give b(-6).
-2804
Let i(d) = 70*d**2 - 309*d + 259. What is i(5)?
464
Let q(m) = 22*m**2 - 22*m - 425. Calculate q(-4).
15
Let x(a) = 682*a**2 + 59*a + 1. Calculate x(-2).
2611
Let o(f) = -371*f + 2186. Give o(13).
-2637
Let c(s) = 5045*s + 474244. Give c(-94).
14
Let t(v) = -6367*v + 165616. What is t(26)?
74
Let j(l) = -6*l**3 - 157*l**2 - 333*l - 579. Calculate j(-24).
-75
Let i(j) = -3*j**2 - 55*j - 213. What is i(-13)?
-5
Let t(c) = -2*c**2 - 3267*c - 86716. Give t(-27).
35
Let z(t) = 300*t**2 + 3324*t - 19. What is z(-11)?
-283
Let m(v) = -5040*v**2 - 163*v + 161. Determine m(1).
-5042
Let l(y) = -11035*y + 11030. Determine l(1).
-5
Let d(o) = 11*o**2 - 248*o - 24715. Calculate d(60).
5
Let n(b) = 25*b**2 - 1059*b + 381. What is n(42)?
3
Let b(v) = -221695*v + 3103719. What is b(14)?
-11
Let j(a) = -2140*a + 36318. Determine j(17).
-62
Let u(j) = 79*j**3 - 709*j**2 - 329*j + 2795. Calculate u(9).
-4
Let g(t) = -3*t**3 + t**2 + 7339*t + 22032. Determine g(-3).
105
Let b(x) = -x**2 + 415*x - 42880. Determine b(212).
156
Let s(o) = -2*o**3 + 139*o**2 - 2392*o + 510. Calculate s(39).
3
Let w(t) = 5675*t - 33923. Determine w(6).
127
Let r(p) = -470*p + 96725. What is r(206)?
-95
Let r(q) = -q**3 + 92*q**2 - 176*q + 7682. Calculate r(91).
-53
Let p(m) = -m**3 + 17*m**2 + 896*m - 15373. What is p(17)?
-141
Let l(d) = -d**2 + 24*d + 883. What is l(49)?
-342
Let r(g) = 75*g - 2309. Give r(15).
-1184
Let c(t) = -36*t**3 - 6*t**2 + 140*t - 629. Calculate c(4).
-2469
Let c(a) = -13110*a + 78673. Give c(6).
13
Let r(h) = -5668*h + 1292354. Give r(228).
50
Let i(k) = k**3 - 17*k**2 + 31*k + 89. What is i(15)?
104
Let u(m) = 3*m**3 - 280*m**2 + 4304*m - 958. What is u(74)?
-70
Let d(f) = 726*f + 13008. What is d(-18)?
-60
Let b(c) = 2196405*c - 10982028. Give b(5).
-3
Let k(i) = -i**3 + 155*i**2 - 6139*i + 14704. What is k(84)?
4
Let b(v) = v**2 - 619*v + 30001. Calculate b(53).
3
Let c(g) = 56787*g - 908573. Calculate c(16).
19
Let m(b) = -6*b**3 + 189*b**2 + 102*b - 176. Determine m(32).
16
Let t(s) = -s**3 + 10*s**2 + 1734*s - 18979. What is t(41)?
4
Let x(r) = -913*r + 17444. What is x(19)?
97
Let c(n) = -81*n**2 - 1350*n - 4941. Calculate c(-11).
108
Let y(h) = -h**2 - 2282*h + 390728. What is y(160)?
8
Let i(r) = -r**2 - 132*r - 4153. Give i(-80).
7
Let c(q) = 73*q**3 + 347*q**2 - 126*q + 11. Give c(-5).
191
Let m(t) = -t**3 + 290*t**2 - 3612*t + 3045. What is m(277)?
-2
Let s(a) = 6*a**3 - 30*a**2 - 91*a + 38. Calculate s(7).
-11
Let s(p) = -3*p**3 - 182*p**2 + 2880*p - 39. Give s(13).
52
Let n(f) = -4*f + 293. Give n(78).